{"id":2775,"date":"2016-02-03T10:17:31","date_gmt":"2016-02-03T09:17:31","guid":{"rendered":"https:\/\/neu.sebim.ch\/marktplatz\/inserate\/"},"modified":"2022-01-24T11:41:55","modified_gmt":"2022-01-24T10:41:55","slug":"inserate","status":"publish","type":"page","link":"https:\/\/sebim.ch\/it\/mercatino\/inserate\/","title":{"rendered":"Inserate \/ Annonces \/ Annunci"},"content":{"rendered":"<div class=\"wpb-content-wrapper\"><p>[vc_row][vc_column][vc_row_inner][vc_column_inner width=&#8221;1\/2&#8243;][\/vc_column_inner][vc_column_inner width=&#8221;1\/2&#8243;][\/vc_column_inner][\/vc_row_inner][\/vc_column][\/vc_row][vc_row][vc_column][vc_row_inner][vc_column_inner][vc_column_text]<strong>Praxisr\u00e4umlichkeiten zu vermieten<\/strong><\/p>\n<p>ab 01. Januar 2022 volleingerichtete R\u00e4umlichkeiten mit WC\/Dusche, separater Eingang in sch\u00f6ner Gartenanlage an der Bahnhofstrasse in Steg im T\u00f6sstal, ca. 30m2<\/p>\n<p>850.00 CHF mtl. inkl. NK (Strom, Wasser, Heizung, Internet)<\/p>\n<p>Nat\u00fcrlich darf man sich alles vor Ort anschauen.<\/p>\n<p>Danke f\u00fcr&#8217;s Interesse.<\/p>\n<p>Petra Candrian, 079 611 12 80,\u00a0<a href=\"mailto:petra.candrian@bluewin.ch\">petra.candrian@bluewin.ch<\/a>[\/vc_column_text][vc_single_image image=&#8221;4691&#8243; img_size=&#8221;medium&#8221;][vc_column_text]<\/p>\n<p>[\/vc_column_text][\/vc_column_inner][\/vc_row_inner][\/vc_column][\/vc_row][vc_row][vc_column][vc_row_inner][vc_column_inner width=&#8221;1\/2&#8243;][vc_single_image image=&#8221;3486&#8243; img_size=&#8221;full&#8221;][\/vc_column_inner][vc_column_inner width=&#8221;1\/2&#8243;][vc_column_text]<strong>Bioresonanztherapie mit COLOR-Punktur<\/strong><\/p>\n<p>Dieses Buch beschreibt eine besondere Form der Bioresonanz-therapie,\u00a0<strong>die Color-Punktur-Therapie.<\/strong><\/p>\n<p>Das dabei verwendete spezifische Therapieger\u00e4t wurde von dem Physiker Dr. Wolfgang Ludwig entwickelt. Es stellte die Kr\u00f6nung seiner jahrelangen Forschung zur Bioresonanz dar.<\/p>\n<p>Im Unterschied zu allen bisherigen Bioresonanzger\u00e4ten vermittelte die Color-Punktur-Therapie die Heilinformationen direkt auf Akupunkturpunkte. Dieser neue Ansatz erm\u00f6glichte es, die\u00a0<strong>Traditionelle Chinesische Medizin<\/strong>\u00a0in die Bioresonanz zu integrieren.<\/p>\n<p>Auf der Suche nach einer optimalen Bioresonanztherapie hat die Autorin, Dr.med. Annelies Burki, eines der ersten Color-Punktur-Ger\u00e4te von Dr. Wolfgang Ludwig erworben. Dank ihrer langj\u00e4hrigen Erfahrung gelang ihr eine erfolgreiche Anwendung dieser neuen Therapieform.<\/p>\n<p>Mit wenigen Ausnahmen, zum Beispiel der Narbenentst\u00f6rung, handelt es sich bei der Color-Punktur-Therapie nicht um eine<\/p>\n<p>Symptombehandlung. Die Therapie gr\u00fcndet vielmehr auf einem absolut\u00a0<strong>ganzheitlichen<\/strong>\u00a0Prinzip, indem der Organismus Schritt f\u00fcr Schritt zur Selbstheilung angeregt wird. Das betrifft sowohl akute wie chronische Krankheiten. So k\u00f6nnen auch bisher symptomfreie krankhafte Ver\u00e4nderungen im K\u00f6rper geheilt werden. Dies macht die Color-Punktur-Therapie zu einer\u00a0<strong>idealen Prophylaxe<\/strong>.<\/p>\n<p>Dieses Buch basiert auf den Erfahrungen der Autorin aus den vergangenen zwanzig Jahren. Es soll einerseits der Ausbildung in dieser Therapie dienen, andererseits interessierte PatientInnen gr\u00fcndlich informieren.<\/p>\n<p>Buchbestellung:\u00a0<a href=\"mailto:anneliesburki@bluewin.ch\">anneliesburki@bluewin.ch<\/a><\/p>\n<p>Buch: CHF 24.-<\/p>\n<p>Versandkosten: CHF 4.-[\/vc_column_text][vc_column_text]<strong>Bioresonanztherapie mit COLOR-Punktur<\/strong><\/p>\n<p>Dieses Buch beschreibt eine besondere Form der Bioresonanz-therapie,\u00a0<strong>die Color-Punktur-Therapie.<\/strong><\/p>\n<p>Das dabei verwendete spezifische Therapieger\u00e4t wurde von dem Physiker Dr. Wolfgang Ludwig entwickelt. Es stellte die Kr\u00f6nung seiner jahrelangen Forschung zur Bioresonanz dar.<\/p>\n<p>Im Unterschied zu allen bisherigen Bioresonanzger\u00e4ten vermittelte die Color-Punktur-Therapie die Heilinformationen direkt auf Akupunkturpunkte. Dieser neue Ansatz erm\u00f6glichte es, die\u00a0<strong>Traditionelle Chinesische Medizin<\/strong>\u00a0in die Bioresonanz zu integrieren.<\/p>\n<p>Auf der Suche nach einer optimalen Bioresonanztherapie hat die Autorin, Dr.med. Annelies Burki, eines der ersten Color-Punktur-Ger\u00e4te von Dr. Wolfgang Ludwig erworben. Dank ihrer langj\u00e4hrigen Erfahrung gelang ihr eine erfolgreiche Anwendung dieser neuen Therapieform.<\/p>\n<p>Mit wenigen Ausnahmen, zum Beispiel der Narbenentst\u00f6rung, handelt es sich bei der Color-Punktur-Therapie nicht um eine<\/p>\n<p>Symptombehandlung. Die Therapie gr\u00fcndet vielmehr auf einem absolut\u00a0<strong>ganzheitlichen<\/strong>\u00a0Prinzip, indem der Organismus Schritt f\u00fcr Schritt zur Selbstheilung angeregt wird. Das betrifft sowohl akute wie chronische Krankheiten. So k\u00f6nnen auch bisher symptomfreie krankhafte Ver\u00e4nderungen im K\u00f6rper geheilt werden. Dies macht die Color-Punktur-Therapie zu einer\u00a0<strong>idealen Prophylaxe<\/strong>.<\/p>\n<p>Dieses Buch basiert auf den Erfahrungen der Autorin aus den vergangenen zwanzig Jahren. Es soll einerseits der Ausbildung in dieser Therapie dienen, andererseits interessierte PatientInnen gr\u00fcndlich informieren.<\/p>\n<p>Buchbestellung:\u00a0<a href=\"mailto:anneliesburki@bluewin.ch\">anneliesburki@bluewin.ch<\/a><\/p>\n<p>Buch: CHF 24.-<\/p>\n<p>Versandkosten: CHF 4.-[\/vc_column_text][\/vc_column_inner][\/vc_row_inner][\/vc_column][\/vc_row][vc_row][vc_column][vc_text_separator][\/vc_column][\/vc_row]<\/p>\n<\/div>","protected":false},"excerpt":{"rendered":"<p>[vc_row][vc_column][vc_row_inner][vc_column_inner width=&#8221;1\/2&#8243;][\/vc_column_inner][vc_column_inner width=&#8221;1\/2&#8243;][\/vc_column_inner][\/vc_row_inner][\/vc_column][\/vc_row][vc_row][vc_column][vc_row_inner][vc_column_inner][vc_column_text]Praxisr\u00e4umlichkeiten zu vermieten ab 01. Januar 2022 volleingerichtete  [&#8230;]<\/p>\n","protected":false},"author":1,"featured_media":0,"parent":2768,"menu_order":0,"comment_status":"closed","ping_status":"closed","template":"","meta":{"_cbd_carousel_blocks":"[]","footnotes":""},"class_list":["post-2775","page","type-page","status-publish","hentry"],"yoast_head":"<!-- This site is optimized with the Yoast SEO plugin v27.4 - https:\/\/yoast.com\/product\/yoast-seo-wordpress\/ -->\n<title>Inserate \/ Annonces \/ Annunci - Sebim.ch<\/title>\n<meta name=\"robots\" content=\"index, follow, max-snippet:-1, max-image-preview:large, max-video-preview:-1\" \/>\n<link rel=\"canonical\" href=\"https:\/\/sebim.ch\/it\/mercatino\/inserate\/\" \/>\n<meta property=\"og:locale\" content=\"it_IT\" \/>\n<meta property=\"og:type\" content=\"article\" \/>\n<meta property=\"og:title\" content=\"Inserate \/ Annonces \/ Annunci - Sebim.ch\" \/>\n<meta property=\"og:description\" content=\"[vc_row][vc_column][vc_row_inner][vc_column_inner width=&#8221;1\/2&#8243;][\/vc_column_inner][vc_column_inner width=&#8221;1\/2&#8243;][\/vc_column_inner][\/vc_row_inner][\/vc_column][\/vc_row][vc_row][vc_column][vc_row_inner][vc_column_inner][vc_column_text]Praxisr\u00e4umlichkeiten zu vermieten ab 01. Januar 2022 volleingerichtete [...]\" \/>\n<meta property=\"og:url\" content=\"https:\/\/sebim.ch\/it\/mercatino\/inserate\/\" \/>\n<meta property=\"og:site_name\" content=\"Sebim.ch\" \/>\n<meta property=\"article:modified_time\" content=\"2022-01-24T10:41:55+00:00\" \/>\n<meta name=\"twitter:card\" content=\"summary_large_image\" \/>\n<meta name=\"twitter:label1\" content=\"Tempo di lettura stimato\" \/>\n\t<meta name=\"twitter:data1\" content=\"3 minuti\" \/>\n<script type=\"application\/ld+json\" class=\"yoast-schema-graph\">{\"@context\":\"https:\\\/\\\/schema.org\",\"@graph\":[{\"@type\":\"WebPage\",\"@id\":\"https:\\\/\\\/sebim.ch\\\/it\\\/mercatino\\\/inserate\\\/\",\"url\":\"https:\\\/\\\/sebim.ch\\\/it\\\/mercatino\\\/inserate\\\/\",\"name\":\"Inserate \\\/ Annonces \\\/ Annunci - Sebim.ch\",\"isPartOf\":{\"@id\":\"https:\\\/\\\/sebim.ch\\\/it\\\/#website\"},\"datePublished\":\"2016-02-03T09:17:31+00:00\",\"dateModified\":\"2022-01-24T10:41:55+00:00\",\"breadcrumb\":{\"@id\":\"https:\\\/\\\/sebim.ch\\\/it\\\/mercatino\\\/inserate\\\/#breadcrumb\"},\"inLanguage\":\"it-IT\",\"potentialAction\":[{\"@type\":\"ReadAction\",\"target\":[\"https:\\\/\\\/sebim.ch\\\/it\\\/mercatino\\\/inserate\\\/\"]}]},{\"@type\":\"BreadcrumbList\",\"@id\":\"https:\\\/\\\/sebim.ch\\\/it\\\/mercatino\\\/inserate\\\/#breadcrumb\",\"itemListElement\":[{\"@type\":\"ListItem\",\"position\":1,\"name\":\"Startseite\",\"item\":\"https:\\\/\\\/sebim.ch\\\/it\\\/\"},{\"@type\":\"ListItem\",\"position\":2,\"name\":\"Mercatino\",\"item\":\"https:\\\/\\\/sebim.ch\\\/it\\\/mercatino\\\/\"},{\"@type\":\"ListItem\",\"position\":3,\"name\":\"Inserate \\\/ Annonces \\\/ Annunci\"}]},{\"@type\":\"WebSite\",\"@id\":\"https:\\\/\\\/sebim.ch\\\/it\\\/#website\",\"url\":\"https:\\\/\\\/sebim.ch\\\/it\\\/\",\"name\":\"Sebim.ch\",\"description\":\"SCHWEIZERISCHE GESELLSCHAFT F\u00dcR ENERGIE- BIORESONANZ &amp; INFORMATIONSMEDIZIN\",\"potentialAction\":[{\"@type\":\"SearchAction\",\"target\":{\"@type\":\"EntryPoint\",\"urlTemplate\":\"https:\\\/\\\/sebim.ch\\\/it\\\/?s={search_term_string}\"},\"query-input\":{\"@type\":\"PropertyValueSpecification\",\"valueRequired\":true,\"valueName\":\"search_term_string\"}}],\"inLanguage\":\"it-IT\"}]}<\/script>\n<!-- \/ Yoast SEO plugin. -->","yoast_head_json":{"title":"Inserate \/ Annonces \/ Annunci - Sebim.ch","robots":{"index":"index","follow":"follow","max-snippet":"max-snippet:-1","max-image-preview":"max-image-preview:large","max-video-preview":"max-video-preview:-1"},"canonical":"https:\/\/sebim.ch\/it\/mercatino\/inserate\/","og_locale":"it_IT","og_type":"article","og_title":"Inserate \/ Annonces \/ Annunci - Sebim.ch","og_description":"[vc_row][vc_column][vc_row_inner][vc_column_inner width=&#8221;1\/2&#8243;][\/vc_column_inner][vc_column_inner width=&#8221;1\/2&#8243;][\/vc_column_inner][\/vc_row_inner][\/vc_column][\/vc_row][vc_row][vc_column][vc_row_inner][vc_column_inner][vc_column_text]Praxisr\u00e4umlichkeiten zu vermieten ab 01. Januar 2022 volleingerichtete [...]","og_url":"https:\/\/sebim.ch\/it\/mercatino\/inserate\/","og_site_name":"Sebim.ch","article_modified_time":"2022-01-24T10:41:55+00:00","twitter_card":"summary_large_image","twitter_misc":{"Tempo di lettura stimato":"3 minuti"},"schema":{"@context":"https:\/\/schema.org","@graph":[{"@type":"WebPage","@id":"https:\/\/sebim.ch\/it\/mercatino\/inserate\/","url":"https:\/\/sebim.ch\/it\/mercatino\/inserate\/","name":"Inserate \/ Annonces \/ Annunci - Sebim.ch","isPartOf":{"@id":"https:\/\/sebim.ch\/it\/#website"},"datePublished":"2016-02-03T09:17:31+00:00","dateModified":"2022-01-24T10:41:55+00:00","breadcrumb":{"@id":"https:\/\/sebim.ch\/it\/mercatino\/inserate\/#breadcrumb"},"inLanguage":"it-IT","potentialAction":[{"@type":"ReadAction","target":["https:\/\/sebim.ch\/it\/mercatino\/inserate\/"]}]},{"@type":"BreadcrumbList","@id":"https:\/\/sebim.ch\/it\/mercatino\/inserate\/#breadcrumb","itemListElement":[{"@type":"ListItem","position":1,"name":"Startseite","item":"https:\/\/sebim.ch\/it\/"},{"@type":"ListItem","position":2,"name":"Mercatino","item":"https:\/\/sebim.ch\/it\/mercatino\/"},{"@type":"ListItem","position":3,"name":"Inserate \/ Annonces \/ Annunci"}]},{"@type":"WebSite","@id":"https:\/\/sebim.ch\/it\/#website","url":"https:\/\/sebim.ch\/it\/","name":"Sebim.ch","description":"SCHWEIZERISCHE GESELLSCHAFT F\u00dcR ENERGIE- BIORESONANZ &amp; INFORMATIONSMEDIZIN","potentialAction":[{"@type":"SearchAction","target":{"@type":"EntryPoint","urlTemplate":"https:\/\/sebim.ch\/it\/?s={search_term_string}"},"query-input":{"@type":"PropertyValueSpecification","valueRequired":true,"valueName":"search_term_string"}}],"inLanguage":"it-IT"}]}},"_links":{"self":[{"href":"https:\/\/sebim.ch\/it\/wp-json\/wp\/v2\/pages\/2775","targetHints":{"allow":["GET"]}}],"collection":[{"href":"https:\/\/sebim.ch\/it\/wp-json\/wp\/v2\/pages"}],"about":[{"href":"https:\/\/sebim.ch\/it\/wp-json\/wp\/v2\/types\/page"}],"author":[{"embeddable":true,"href":"https:\/\/sebim.ch\/it\/wp-json\/wp\/v2\/users\/1"}],"replies":[{"embeddable":true,"href":"https:\/\/sebim.ch\/it\/wp-json\/wp\/v2\/comments?post=2775"}],"version-history":[{"count":5,"href":"https:\/\/sebim.ch\/it\/wp-json\/wp\/v2\/pages\/2775\/revisions"}],"predecessor-version":[{"id":4851,"href":"https:\/\/sebim.ch\/it\/wp-json\/wp\/v2\/pages\/2775\/revisions\/4851"}],"up":[{"embeddable":true,"href":"https:\/\/sebim.ch\/it\/wp-json\/wp\/v2\/pages\/2768"}],"wp:attachment":[{"href":"https:\/\/sebim.ch\/it\/wp-json\/wp\/v2\/media?parent=2775"}],"curies":[{"name":"wp","href":"https:\/\/api.w.org\/{rel}","templated":true}]}}

<div class="wpb-content-wrapper"><p>[vc_row][vc_column][vc_row_inner][vc_column_inner width=&#8221;1/2&#8243;][/vc_column_inner][vc_column_inner width=&#8221;1/2&#8243;][/vc_column_inner][/vc_row_inner][/vc_column][/vc_row][vc_row][vc_column][vc_row_inner][vc_column_inner][vc_column_text]<strong>Praxisräumlichkeiten zu vermieten</strong></p>
<p>ab 01. Januar 2022 volleingerichtete Räumlichkeiten mit WC/Dusche, separater Eingang in schöner Gartenanlage an der Bahnhofstrasse in Steg im Tösstal, ca. 30m2</p>
<p>850.00 CHF mtl. inkl. NK (Strom, Wasser, Heizung, Internet)</p>
<p>Natürlich darf man sich alles vor Ort anschauen.</p>
<p>Danke für&#8217;s Interesse.</p>
<p>Petra Candrian, 079 611 12 80, <a href="mailto:petra.candrian@bluewin.ch">petra.candrian@bluewin.ch</a>[/vc_column_text][vc_single_image image=&#8221;4691&#8243; img_size=&#8221;medium&#8221;][vc_column_text]</p>
<p>[/vc_column_text][/vc_column_inner][/vc_row_inner][/vc_column][/vc_row][vc_row][vc_column][vc_row_inner][vc_column_inner width=&#8221;1/2&#8243;][vc_single_image image=&#8221;3486&#8243; img_size=&#8221;full&#8221;][/vc_column_inner][vc_column_inner width=&#8221;1/2&#8243;][vc_column_text]<strong>Bioresonanztherapie mit COLOR-Punktur</strong></p>
<p>Dieses Buch beschreibt eine besondere Form der Bioresonanz-therapie, <strong>die Color-Punktur-Therapie.</strong></p>
<p>Das dabei verwendete spezifische Therapiegerät wurde von dem Physiker Dr. Wolfgang Ludwig entwickelt. Es stellte die Krönung seiner jahrelangen Forschung zur Bioresonanz dar.</p>
<p>Im Unterschied zu allen bisherigen Bioresonanzgeräten vermittelte die Color-Punktur-Therapie die Heilinformationen direkt auf Akupunkturpunkte. Dieser neue Ansatz ermöglichte es, die <strong>Traditionelle Chinesische Medizin</strong> in die Bioresonanz zu integrieren.</p>
<p>Auf der Suche nach einer optimalen Bioresonanztherapie hat die Autorin, Dr.med. Annelies Burki, eines der ersten Color-Punktur-Geräte von Dr. Wolfgang Ludwig erworben. Dank ihrer langjährigen Erfahrung gelang ihr eine erfolgreiche Anwendung dieser neuen Therapieform.</p>
<p>Mit wenigen Ausnahmen, zum Beispiel der Narbenentstörung, handelt es sich bei der Color-Punktur-Therapie nicht um eine</p>
<p>Symptombehandlung. Die Therapie gründet vielmehr auf einem absolut <strong>ganzheitlichen</strong> Prinzip, indem der Organismus Schritt für Schritt zur Selbstheilung angeregt wird. Das betrifft sowohl akute wie chronische Krankheiten. So können auch bisher symptomfreie krankhafte Veränderungen im Körper geheilt werden. Dies macht die Color-Punktur-Therapie zu einer <strong>idealen Prophylaxe</strong>.</p>
<p>Dieses Buch basiert auf den Erfahrungen der Autorin aus den vergangenen zwanzig Jahren. Es soll einerseits der Ausbildung in dieser Therapie dienen, andererseits interessierte PatientInnen gründlich informieren.</p>
<p>Buchbestellung: <a href="mailto:anneliesburki@bluewin.ch">anneliesburki@bluewin.ch</a></p>
<p>Buch: CHF 24.-</p>
<p>Versandkosten: CHF 4.-[/vc_column_text][vc_column_text]<strong>Bioresonanztherapie mit COLOR-Punktur</strong></p>
<p>Dieses Buch beschreibt eine besondere Form der Bioresonanz-therapie, <strong>die Color-Punktur-Therapie.</strong></p>
<p>Das dabei verwendete spezifische Therapiegerät wurde von dem Physiker Dr. Wolfgang Ludwig entwickelt. Es stellte die Krönung seiner jahrelangen Forschung zur Bioresonanz dar.</p>
<p>Im Unterschied zu allen bisherigen Bioresonanzgeräten vermittelte die Color-Punktur-Therapie die Heilinformationen direkt auf Akupunkturpunkte. Dieser neue Ansatz ermöglichte es, die <strong>Traditionelle Chinesische Medizin</strong> in die Bioresonanz zu integrieren.</p>
<p>Auf der Suche nach einer optimalen Bioresonanztherapie hat die Autorin, Dr.med. Annelies Burki, eines der ersten Color-Punktur-Geräte von Dr. Wolfgang Ludwig erworben. Dank ihrer langjährigen Erfahrung gelang ihr eine erfolgreiche Anwendung dieser neuen Therapieform.</p>
<p>Mit wenigen Ausnahmen, zum Beispiel der Narbenentstörung, handelt es sich bei der Color-Punktur-Therapie nicht um eine</p>
<p>Symptombehandlung. Die Therapie gründet vielmehr auf einem absolut <strong>ganzheitlichen</strong> Prinzip, indem der Organismus Schritt für Schritt zur Selbstheilung angeregt wird. Das betrifft sowohl akute wie chronische Krankheiten. So können auch bisher symptomfreie krankhafte Veränderungen im Körper geheilt werden. Dies macht die Color-Punktur-Therapie zu einer <strong>idealen Prophylaxe</strong>.</p>
<p>Dieses Buch basiert auf den Erfahrungen der Autorin aus den vergangenen zwanzig Jahren. Es soll einerseits der Ausbildung in dieser Therapie dienen, andererseits interessierte PatientInnen gründlich informieren.</p>
<p>Buchbestellung: <a href="mailto:anneliesburki@bluewin.ch">anneliesburki@bluewin.ch</a></p>
<p>Buch: CHF 24.-</p>
<p>Versandkosten: CHF 4.-[/vc_column_text][/vc_column_inner][/vc_row_inner][/vc_column][/vc_row][vc_row][vc_column][vc_text_separator][/vc_column][/vc_row]</p>
</div>

<p>[vc_row][vc_column][vc_row_inner][vc_column_inner width=&#8221;1/2&#8243;][/vc_column_inner][vc_column_inner width=&#8221;1/2&#8243;][/vc_column_inner][/vc_row_inner][/vc_column][/vc_row][vc_row][vc_column][vc_row_inner][vc_column_inner][vc_column_text]Praxisräumlichkeiten zu vermieten ab 01. Januar 2022 volleingerichtete  [&#8230;]</p>

<!-- This site is optimized with the Yoast SEO plugin v27.4 - https://yoast.com/product/yoast-seo-wordpress/ -->
<title>Inserate / Annonces / Annunci - Sebim.ch</title>
<meta name="robots" content="index, follow, max-snippet:-1, max-image-preview:large, max-video-preview:-1" />
<link rel="canonical" href="https://sebim.ch/it/mercatino/inserate/" />
<meta property="og:locale" content="it_IT" />
<meta property="og:type" content="article" />
<meta property="og:title" content="Inserate / Annonces / Annunci - Sebim.ch" />
<meta property="og:description" content="[vc_row][vc_column][vc_row_inner][vc_column_inner width=&#8221;1/2&#8243;][/vc_column_inner][vc_column_inner width=&#8221;1/2&#8243;][/vc_column_inner][/vc_row_inner][/vc_column][/vc_row][vc_row][vc_column][vc_row_inner][vc_column_inner][vc_column_text]Praxisräumlichkeiten zu vermieten ab 01. Januar 2022 volleingerichtete [...]" />
<meta property="og:url" content="https://sebim.ch/it/mercatino/inserate/" />
<meta property="og:site_name" content="Sebim.ch" />
<meta property="article:modified_time" content="2022-01-24T10:41:55+00:00" />
<meta name="twitter:card" content="summary_large_image" />
<meta name="twitter:label1" content="Tempo di lettura stimato" />
	<meta name="twitter:data1" content="3 minuti" />
<script type="application/ld+json" class="yoast-schema-graph">{"@context":"https:\/\/schema.org","@graph":[{"@type":"WebPage","@id":"https:\/\/sebim.ch\/it\/mercatino\/inserate\/","url":"https:\/\/sebim.ch\/it\/mercatino\/inserate\/","name":"Inserate \/ Annonces \/ Annunci - Sebim.ch","isPartOf":{"@id":"https:\/\/sebim.ch\/it\/#website"},"datePublished":"2016-02-03T09:17:31+00:00","dateModified":"2022-01-24T10:41:55+00:00","breadcrumb":{"@id":"https:\/\/sebim.ch\/it\/mercatino\/inserate\/#breadcrumb"},"inLanguage":"it-IT","potentialAction":[{"@type":"ReadAction","target":["https:\/\/sebim.ch\/it\/mercatino\/inserate\/"]}]},{"@type":"BreadcrumbList","@id":"https:\/\/sebim.ch\/it\/mercatino\/inserate\/#breadcrumb","itemListElement":[{"@type":"ListItem","position":1,"name":"Startseite","item":"https:\/\/sebim.ch\/it\/"},{"@type":"ListItem","position":2,"name":"Mercatino","item":"https:\/\/sebim.ch\/it\/mercatino\/"},{"@type":"ListItem","position":3,"name":"Inserate \/ Annonces \/ Annunci"}]},{"@type":"WebSite","@id":"https:\/\/sebim.ch\/it\/#website","url":"https:\/\/sebim.ch\/it\/","name":"Sebim.ch","description":"SCHWEIZERISCHE GESELLSCHAFT FÜR ENERGIE- BIORESONANZ &amp; INFORMATIONSMEDIZIN","potentialAction":[{"@type":"SearchAction","target":{"@type":"EntryPoint","urlTemplate":"https:\/\/sebim.ch\/it\/?s={search_term_string}"},"query-input":{"@type":"PropertyValueSpecification","valueRequired":true,"valueName":"search_term_string"}}],"inLanguage":"it-IT"}]}</script>
<!-- / Yoast SEO plugin. -->

[vc_row][vc_column][vc_row_inner][vc_column_inner width=&#8221;1/2&#8243;][/vc_column_inner][vc_column_inner width=&#8221;1/2&#8243;][/vc_column_inner][/vc_row_inner][/vc_column][/vc_row][vc_row][vc_column][vc_row_inner][vc_column_inner][vc_column_text]Praxisräumlichkeiten zu vermieten ab 01. Januar 2022 volleingerichtete [...]

SCHWEIZERISCHE GESELLSCHAFT FÜR ENERGIE- BIORESONANZ &amp; INFORMATIONSMEDIZIN
