{"id":2798,"date":"2020-05-20T09:37:05","date_gmt":"2020-05-20T07:37:05","guid":{"rendered":"https:\/\/neu.sebim.ch\/?page_id=2798"},"modified":"2021-04-07T17:42:35","modified_gmt":"2021-04-07T15:42:35","slug":"terapia","status":"publish","type":"page","link":"https:\/\/sebim.ch\/it\/terapia\/","title":{"rendered":"Terapia"},"content":{"rendered":"<div class=\"wpb-content-wrapper\"><p>[vc_row][vc_column][vc_column_text]<strong>Terapia di biorisonanza<\/strong><\/p>\n<p><strong>Il mondo \u00e8 costituito da vibrazioni\u2026<\/strong><br \/>\nIn termini puramente fisici, tutto ci\u00f2 che appare reale \u00e8 formato da vibrazioni. Di conseguenza nell\u2019essere umano ogni organo, sentimento e pensiero \u00e8 caratterizzato da una frequenza oscillatoria specifica. Quando due persone sono \u00absulla stessa lunghezza d\u2019onda\u00bb significa che ciascuna reagisce alle frequenze dell\u2019altra ed entrambe entrano in risonanza.<\/p>\n<p><strong>&#8230;che creano modulazioni fisiologiche oppure disarmoniche<\/strong><\/p>\n<p>Quando i diversi campi vibrazionali interagiscono in sintonia tra di loro, la persona \u00e8 sana e in grado di rispondere agli stimoli o di compensare i fattori di stress. Tuttavia pu\u00f2 accadere che questi meccanismi di autoregolazione siano sottoposti a sollecitazioni eccessive e che si inneschi una malattia. Ci\u00f2 significa che nell\u2019organismo si possono manifestare sia uno spettro di oscillazioni sano, sia vibrazioni capaci di influire negativamente sulla vitalit\u00e0 sotto forma di agenti patogeni, tessuti infiammati, sentimenti negativi o pensieri distruttivi.<\/p>\n<p><strong>La terapia di biorisonanza amplifica le forze di autoguarigione<\/strong><\/p>\n<p>Questo \u00e8 l\u2019ambito di intervento della biorisonanza che con l\u2019aiuto di un apparecchio trasmette le informazioni corrette all\u2019organismo, aiutandolo nel suo processo autonomo di guarigione. In questo processo si vanno a modificare le vibrazioni proprie dell\u2019organismo del paziente che risultano essere squilibrate, utilizzando anche segnali terapeutici complementari (come le vibrazioni di medicinali, colori, pietre preziose, suoni ecc.).<br \/>\nL\u2019abilit\u00e0 del terapista di biorisonanza risiede quindi nell\u2019individuare i fattori causali che hanno condotto alla malattia. A tal fine il terapista si avvale di test specifici che consentono di attingere alle informazioni importanti racchiuse nell\u2019organismo. In base alle proprie conoscenze specifiche, egli sceglie i segnali terapeutici che aiutano l\u2019organismo a debellare la malattia. Ci\u00f2 pu\u00f2 significare eliminare tossine e agenti patogeni, elaborare conflitti interiori, modificare i processi cognitivi dannosi ecc.<\/p>\n<p><strong>In quali casi \u00e8 utile ricorrere alla terapia di biorisonanza?<\/strong><\/p>\n<p>In base agli studi, la terapia di biorisonanza pu\u00f2 essere utilizzata per pressoch\u00e9 tutti i disturbi. Nelle patologie acute come le infiammazioni articolari, le sciatalgie, le infezioni e le lesioni si assiste in genere a un sensibile miglioramento. Ma la terapia di biorisonanza pu\u00f2 contribuire a una trasformazione profonda dell\u2019organismo soprattutto nei processi patologici cronici. Nella letteratura specializzata sono documentati trattamenti con risultati positivi nei casi di asma, neurodermatite, febbre da fieno, allergie e intolleranze alimentari, emicranie, dolori reumatici, disturbi digestivi, fragilit\u00e0 del sistema immunitario e altro ancora.<\/p>\n<p>La terapia di biorisonanza pu\u00f2 essere somministrata a qualsiasi et\u00e0 ed \u00e8 indicata tanto per i neonati quanto per le persone anziane. I pazienti apprezzano questo metodo di cura soprattutto perch\u00e9 \u00e8 dolce e non invasivo. Non si registrano effetti collaterali dannosi.<\/p>\n<p><strong>Come posso trovare un\/una terapista di biorisonanza?<\/strong><\/p>\n<p>Societ\u00e0 svizzera per la medicina d\u2019informazione sulla biorisonanza SEBIM raggruppa terapisti di diversi ambiti professionali come medici, farmacisti, dentisti, veterinari, naturopati, infermieri, psicoterapisti, fisioterapisti e altri operatori della salute.<br \/>\nLa societ\u00e0 garantisce un controllo sulla qualit\u00e0 dei servizi offerti, come pure sulla formazione e sull\u2019aggiornamento dei propri soci. Tra le finalit\u00e0 sociali rientra anche la diffusione della conoscenza di questo metodo importante presso il pubblico e la promozione del suo riconoscimento da parte delle casse malattia e delle autorit\u00e0.<\/p>\n<p>L\u2019elenco dei terapisti \u00e8 consultabile\u00a0<a href=\"https:\/\/sebim.ch\/it\/therapeutenliste\/\">qui<\/a>.[\/vc_column_text][\/vc_column][\/vc_row]<\/p>\n<\/div>","protected":false},"excerpt":{"rendered":"<p>[vc_row][vc_column][vc_column_text]Terapia di biorisonanza Il mondo \u00e8 costituito da vibrazioni\u2026 In  [&#8230;]<\/p>\n","protected":false},"author":1,"featured_media":0,"parent":0,"menu_order":0,"comment_status":"closed","ping_status":"closed","template":"","meta":{"_cbd_carousel_blocks":"[]","footnotes":""},"class_list":["post-2798","page","type-page","status-publish","hentry"],"yoast_head":"<!-- This site is optimized with the Yoast SEO plugin v27.4 - https:\/\/yoast.com\/product\/yoast-seo-wordpress\/ -->\n<title>Terapia - Sebim.ch<\/title>\n<meta name=\"robots\" content=\"index, follow, max-snippet:-1, max-image-preview:large, max-video-preview:-1\" \/>\n<link rel=\"canonical\" href=\"https:\/\/sebim.ch\/it\/terapia\/\" \/>\n<meta property=\"og:locale\" content=\"it_IT\" \/>\n<meta property=\"og:type\" content=\"article\" \/>\n<meta property=\"og:title\" content=\"Terapia - Sebim.ch\" \/>\n<meta property=\"og:description\" content=\"[vc_row][vc_column][vc_column_text]Terapia di biorisonanza Il mondo \u00e8 costituito da vibrazioni\u2026 In [...]\" \/>\n<meta property=\"og:url\" content=\"https:\/\/sebim.ch\/it\/terapia\/\" \/>\n<meta property=\"og:site_name\" content=\"Sebim.ch\" \/>\n<meta property=\"article:modified_time\" content=\"2021-04-07T15:42:35+00:00\" \/>\n<meta name=\"twitter:card\" content=\"summary_large_image\" \/>\n<meta name=\"twitter:label1\" content=\"Tempo di lettura stimato\" \/>\n\t<meta name=\"twitter:data1\" content=\"3 minuti\" \/>\n<script type=\"application\/ld+json\" class=\"yoast-schema-graph\">{\"@context\":\"https:\\\/\\\/schema.org\",\"@graph\":[{\"@type\":\"WebPage\",\"@id\":\"https:\\\/\\\/sebim.ch\\\/it\\\/terapia\\\/\",\"url\":\"https:\\\/\\\/sebim.ch\\\/it\\\/terapia\\\/\",\"name\":\"Terapia - Sebim.ch\",\"isPartOf\":{\"@id\":\"https:\\\/\\\/sebim.ch\\\/it\\\/#website\"},\"datePublished\":\"2020-05-20T07:37:05+00:00\",\"dateModified\":\"2021-04-07T15:42:35+00:00\",\"breadcrumb\":{\"@id\":\"https:\\\/\\\/sebim.ch\\\/it\\\/terapia\\\/#breadcrumb\"},\"inLanguage\":\"it-IT\",\"potentialAction\":[{\"@type\":\"ReadAction\",\"target\":[\"https:\\\/\\\/sebim.ch\\\/it\\\/terapia\\\/\"]}]},{\"@type\":\"BreadcrumbList\",\"@id\":\"https:\\\/\\\/sebim.ch\\\/it\\\/terapia\\\/#breadcrumb\",\"itemListElement\":[{\"@type\":\"ListItem\",\"position\":1,\"name\":\"Startseite\",\"item\":\"https:\\\/\\\/sebim.ch\\\/it\\\/\"},{\"@type\":\"ListItem\",\"position\":2,\"name\":\"Terapia\"}]},{\"@type\":\"WebSite\",\"@id\":\"https:\\\/\\\/sebim.ch\\\/it\\\/#website\",\"url\":\"https:\\\/\\\/sebim.ch\\\/it\\\/\",\"name\":\"Sebim.ch\",\"description\":\"SCHWEIZERISCHE GESELLSCHAFT F\u00dcR ENERGIE- BIORESONANZ &amp; INFORMATIONSMEDIZIN\",\"potentialAction\":[{\"@type\":\"SearchAction\",\"target\":{\"@type\":\"EntryPoint\",\"urlTemplate\":\"https:\\\/\\\/sebim.ch\\\/it\\\/?s={search_term_string}\"},\"query-input\":{\"@type\":\"PropertyValueSpecification\",\"valueRequired\":true,\"valueName\":\"search_term_string\"}}],\"inLanguage\":\"it-IT\"}]}<\/script>\n<!-- \/ Yoast SEO plugin. -->","yoast_head_json":{"title":"Terapia - Sebim.ch","robots":{"index":"index","follow":"follow","max-snippet":"max-snippet:-1","max-image-preview":"max-image-preview:large","max-video-preview":"max-video-preview:-1"},"canonical":"https:\/\/sebim.ch\/it\/terapia\/","og_locale":"it_IT","og_type":"article","og_title":"Terapia - Sebim.ch","og_description":"[vc_row][vc_column][vc_column_text]Terapia di biorisonanza Il mondo \u00e8 costituito da vibrazioni\u2026 In [...]","og_url":"https:\/\/sebim.ch\/it\/terapia\/","og_site_name":"Sebim.ch","article_modified_time":"2021-04-07T15:42:35+00:00","twitter_card":"summary_large_image","twitter_misc":{"Tempo di lettura stimato":"3 minuti"},"schema":{"@context":"https:\/\/schema.org","@graph":[{"@type":"WebPage","@id":"https:\/\/sebim.ch\/it\/terapia\/","url":"https:\/\/sebim.ch\/it\/terapia\/","name":"Terapia - Sebim.ch","isPartOf":{"@id":"https:\/\/sebim.ch\/it\/#website"},"datePublished":"2020-05-20T07:37:05+00:00","dateModified":"2021-04-07T15:42:35+00:00","breadcrumb":{"@id":"https:\/\/sebim.ch\/it\/terapia\/#breadcrumb"},"inLanguage":"it-IT","potentialAction":[{"@type":"ReadAction","target":["https:\/\/sebim.ch\/it\/terapia\/"]}]},{"@type":"BreadcrumbList","@id":"https:\/\/sebim.ch\/it\/terapia\/#breadcrumb","itemListElement":[{"@type":"ListItem","position":1,"name":"Startseite","item":"https:\/\/sebim.ch\/it\/"},{"@type":"ListItem","position":2,"name":"Terapia"}]},{"@type":"WebSite","@id":"https:\/\/sebim.ch\/it\/#website","url":"https:\/\/sebim.ch\/it\/","name":"Sebim.ch","description":"SCHWEIZERISCHE GESELLSCHAFT F\u00dcR ENERGIE- BIORESONANZ &amp; INFORMATIONSMEDIZIN","potentialAction":[{"@type":"SearchAction","target":{"@type":"EntryPoint","urlTemplate":"https:\/\/sebim.ch\/it\/?s={search_term_string}"},"query-input":{"@type":"PropertyValueSpecification","valueRequired":true,"valueName":"search_term_string"}}],"inLanguage":"it-IT"}]}},"_links":{"self":[{"href":"https:\/\/sebim.ch\/it\/wp-json\/wp\/v2\/pages\/2798","targetHints":{"allow":["GET"]}}],"collection":[{"href":"https:\/\/sebim.ch\/it\/wp-json\/wp\/v2\/pages"}],"about":[{"href":"https:\/\/sebim.ch\/it\/wp-json\/wp\/v2\/types\/page"}],"author":[{"embeddable":true,"href":"https:\/\/sebim.ch\/it\/wp-json\/wp\/v2\/users\/1"}],"replies":[{"embeddable":true,"href":"https:\/\/sebim.ch\/it\/wp-json\/wp\/v2\/comments?post=2798"}],"version-history":[{"count":5,"href":"https:\/\/sebim.ch\/it\/wp-json\/wp\/v2\/pages\/2798\/revisions"}],"predecessor-version":[{"id":4228,"href":"https:\/\/sebim.ch\/it\/wp-json\/wp\/v2\/pages\/2798\/revisions\/4228"}],"wp:attachment":[{"href":"https:\/\/sebim.ch\/it\/wp-json\/wp\/v2\/media?parent=2798"}],"curies":[{"name":"wp","href":"https:\/\/api.w.org\/{rel}","templated":true}]}}

<div class="wpb-content-wrapper"><p>[vc_row][vc_column][vc_column_text]<strong>Terapia di biorisonanza</strong></p>
<p><strong>Il mondo è costituito da vibrazioni…</strong><br />
In termini puramente fisici, tutto ciò che appare reale è formato da vibrazioni. Di conseguenza nell’essere umano ogni organo, sentimento e pensiero è caratterizzato da una frequenza oscillatoria specifica. Quando due persone sono «sulla stessa lunghezza d’onda» significa che ciascuna reagisce alle frequenze dell’altra ed entrambe entrano in risonanza.</p>
<p><strong>&#8230;che creano modulazioni fisiologiche oppure disarmoniche</strong></p>
<p>Quando i diversi campi vibrazionali interagiscono in sintonia tra di loro, la persona è sana e in grado di rispondere agli stimoli o di compensare i fattori di stress. Tuttavia può accadere che questi meccanismi di autoregolazione siano sottoposti a sollecitazioni eccessive e che si inneschi una malattia. Ciò significa che nell’organismo si possono manifestare sia uno spettro di oscillazioni sano, sia vibrazioni capaci di influire negativamente sulla vitalità sotto forma di agenti patogeni, tessuti infiammati, sentimenti negativi o pensieri distruttivi.</p>
<p><strong>La terapia di biorisonanza amplifica le forze di autoguarigione</strong></p>
<p>Questo è l’ambito di intervento della biorisonanza che con l’aiuto di un apparecchio trasmette le informazioni corrette all’organismo, aiutandolo nel suo processo autonomo di guarigione. In questo processo si vanno a modificare le vibrazioni proprie dell’organismo del paziente che risultano essere squilibrate, utilizzando anche segnali terapeutici complementari (come le vibrazioni di medicinali, colori, pietre preziose, suoni ecc.).<br />
L’abilità del terapista di biorisonanza risiede quindi nell’individuare i fattori causali che hanno condotto alla malattia. A tal fine il terapista si avvale di test specifici che consentono di attingere alle informazioni importanti racchiuse nell’organismo. In base alle proprie conoscenze specifiche, egli sceglie i segnali terapeutici che aiutano l’organismo a debellare la malattia. Ciò può significare eliminare tossine e agenti patogeni, elaborare conflitti interiori, modificare i processi cognitivi dannosi ecc.</p>
<p><strong>In quali casi è utile ricorrere alla terapia di biorisonanza?</strong></p>
<p>In base agli studi, la terapia di biorisonanza può essere utilizzata per pressoché tutti i disturbi. Nelle patologie acute come le infiammazioni articolari, le sciatalgie, le infezioni e le lesioni si assiste in genere a un sensibile miglioramento. Ma la terapia di biorisonanza può contribuire a una trasformazione profonda dell’organismo soprattutto nei processi patologici cronici. Nella letteratura specializzata sono documentati trattamenti con risultati positivi nei casi di asma, neurodermatite, febbre da fieno, allergie e intolleranze alimentari, emicranie, dolori reumatici, disturbi digestivi, fragilità del sistema immunitario e altro ancora.</p>
<p>La terapia di biorisonanza può essere somministrata a qualsiasi età ed è indicata tanto per i neonati quanto per le persone anziane. I pazienti apprezzano questo metodo di cura soprattutto perché è dolce e non invasivo. Non si registrano effetti collaterali dannosi.</p>
<p><strong>Come posso trovare un/una terapista di biorisonanza?</strong></p>
<p>Società svizzera per la medicina d’informazione sulla biorisonanza SEBIM raggruppa terapisti di diversi ambiti professionali come medici, farmacisti, dentisti, veterinari, naturopati, infermieri, psicoterapisti, fisioterapisti e altri operatori della salute.<br />
La società garantisce un controllo sulla qualità dei servizi offerti, come pure sulla formazione e sull’aggiornamento dei propri soci. Tra le finalità sociali rientra anche la diffusione della conoscenza di questo metodo importante presso il pubblico e la promozione del suo riconoscimento da parte delle casse malattia e delle autorità.</p>
<p>L’elenco dei terapisti è consultabile <a href="https://sebim.ch/it/therapeutenliste/">qui</a>.[/vc_column_text][/vc_column][/vc_row]</p>
</div>

<p>[vc_row][vc_column][vc_column_text]Terapia di biorisonanza Il mondo è costituito da vibrazioni… In  [&#8230;]</p>

<!-- This site is optimized with the Yoast SEO plugin v27.4 - https://yoast.com/product/yoast-seo-wordpress/ -->
<title>Terapia - Sebim.ch</title>
<meta name="robots" content="index, follow, max-snippet:-1, max-image-preview:large, max-video-preview:-1" />
<link rel="canonical" href="https://sebim.ch/it/terapia/" />
<meta property="og:locale" content="it_IT" />
<meta property="og:type" content="article" />
<meta property="og:title" content="Terapia - Sebim.ch" />
<meta property="og:description" content="[vc_row][vc_column][vc_column_text]Terapia di biorisonanza Il mondo è costituito da vibrazioni… In [...]" />
<meta property="og:url" content="https://sebim.ch/it/terapia/" />
<meta property="og:site_name" content="Sebim.ch" />
<meta property="article:modified_time" content="2021-04-07T15:42:35+00:00" />
<meta name="twitter:card" content="summary_large_image" />
<meta name="twitter:label1" content="Tempo di lettura stimato" />
	<meta name="twitter:data1" content="3 minuti" />
<script type="application/ld+json" class="yoast-schema-graph">{"@context":"https:\/\/schema.org","@graph":[{"@type":"WebPage","@id":"https:\/\/sebim.ch\/it\/terapia\/","url":"https:\/\/sebim.ch\/it\/terapia\/","name":"Terapia - Sebim.ch","isPartOf":{"@id":"https:\/\/sebim.ch\/it\/#website"},"datePublished":"2020-05-20T07:37:05+00:00","dateModified":"2021-04-07T15:42:35+00:00","breadcrumb":{"@id":"https:\/\/sebim.ch\/it\/terapia\/#breadcrumb"},"inLanguage":"it-IT","potentialAction":[{"@type":"ReadAction","target":["https:\/\/sebim.ch\/it\/terapia\/"]}]},{"@type":"BreadcrumbList","@id":"https:\/\/sebim.ch\/it\/terapia\/#breadcrumb","itemListElement":[{"@type":"ListItem","position":1,"name":"Startseite","item":"https:\/\/sebim.ch\/it\/"},{"@type":"ListItem","position":2,"name":"Terapia"}]},{"@type":"WebSite","@id":"https:\/\/sebim.ch\/it\/#website","url":"https:\/\/sebim.ch\/it\/","name":"Sebim.ch","description":"SCHWEIZERISCHE GESELLSCHAFT FÜR ENERGIE- BIORESONANZ &amp; INFORMATIONSMEDIZIN","potentialAction":[{"@type":"SearchAction","target":{"@type":"EntryPoint","urlTemplate":"https:\/\/sebim.ch\/it\/?s={search_term_string}"},"query-input":{"@type":"PropertyValueSpecification","valueRequired":true,"valueName":"search_term_string"}}],"inLanguage":"it-IT"}]}</script>
<!-- / Yoast SEO plugin. -->

[vc_row][vc_column][vc_column_text]Terapia di biorisonanza Il mondo è costituito da vibrazioni… In [...]

SCHWEIZERISCHE GESELLSCHAFT FÜR ENERGIE- BIORESONANZ &amp; INFORMATIONSMEDIZIN
